e factors of a?
2, 3
Suppose 0 = 12*u - 4*u - 14584. List the prime factors of u.
1823
Suppose -156 - 26 = -2*m. Let i = 135 - m. Suppose -l + 76 = 4*o - 8, -i = -3*o + 4*l. What are the prime factors of o?
2, 5
List the prime factors of 164/((-5)/75*-5).
2, 3, 41
Suppose -1539 = -5*m + 5*f + 3201, -4*m + 3812 = f. List the prime factors of m.
2, 7, 17
Suppose 2*g = 8*g - 84. Let h(i) = -i**3 + 15*i**2 - 12*i - 14. List the prime factors of h(g).
2, 7
Let x(k) = -k**2 + 13*k + 18. Let q be x(14). Let l be 2 + (4 - 4/q). Suppose l*h = h - 2*p + 126, 2*p = -3*h + 97. What are the prime factors of h?
29
Suppose s - 71 = -2*d + 86, 0 = 4*s - d - 610. What are the prime factors of s?
3, 17
Suppose p + 6*p + 18340 = 0. Let w be (-6)/(-27) + p/(-36). Suppose -d = -f + 54, -5*d + w = 6*f - 4*f. What are the prime factors of f?
7
Let j be 17/(1/(-2)*(-2)/1). Suppose 5*r + 612 = j*r. List the prime factors of r.
3, 17
Let m(i) = i**3 - 4*i**2 - 7*i + 5. Let p be m(5). Let c be (-138)/(-8) - 11/44. Let l = c + p. What are the prime factors of l?
2, 3
Let y(n) = -26*n**3 - n - 2. Let w be y(-1). Let r = w - 21. List the prime factors of -4 - (-26 + 0/r).
2, 11
Let f(i) = 2*i**2 - 4*i + 290. List the prime factors of f(0).
2, 5, 29
Suppose o = -5*w + 14, -4*o + 0*o - 2*w + 92 = 0. List the prime factors of (o/11 - 2) + (-922)/(-11).
2, 3, 7
Let s be 645/25 - (-4)/(-5). Let h = s - -33. List the prime factors of h.
2, 29
Let x = 440 - 276. List the prime factors of x.
2, 41
Suppose 3*v - v + 8 = 0. Let o be 3 - (v + 8 - 3). Suppose 0 = z + 4*i, 7 = o*z + i - 0*i. What are the prime factors of z?
2
Let x = -140 - -142. What are the prime factors of 9*(-399)/21*x/(-6)?
3, 19
Let o = 0 - 3. Let y be o/4 - 123/(-4). List the prime factors of ((-8)/(-6))/(2/y).
2, 5
Suppose -76 = 3*g + w, -g + 4*w = 4*g + 155. Let q = 5 - g. What are the prime factors of q?
2
Let h(i) = -i**3 + 11*i**2 - 10*i + 1. Let b be h(11). List the prime factors of 9/(-27) - b/3.
2, 3
Let b(d) = 3*d**2 - 19*d + 6. Let q be 1*(12 + 9/(-3)). What are the prime factors of b(q)?
2, 3, 13
Let u(i) = i**2 + 4*i - 13. Let k = -46 - -36. What are the prime factors of u(k)?
47
Let h(o) = 44 - 3*o + 0*o - 71 + o**2 + 0*o. List the prime factors of h(13).
103
Let f(l) = -l**2 - 2*l + 3. Let a be f(-3). Suppose -8*v - 2*v + 310 = a. List the prime factors of v.
31
Let q(t) = t**2 + t - 3. Let x be q(-3). Suppose 2*z = -2*y + 10, 0 = -2*z + x*z - 5*y - 17. What are the prime factors of (-40)/15*(1 - z)?
2
Let d be -67 + (-4 - (-3 + 3)). Let x = 117 + d. List the prime factors of x.
2, 23
Suppose l = 5*v - 852 + 92, 5*v + 3*l - 760 = 0. Suppose -7*w = -3*w - v. What are the prime factors of w?
2, 19
Suppose 142*v = 141*v - h + 4727, 4*v = 4*h + 18908. What are the prime factors of v?
29, 163
Let q = -62 + 160. Let y = q - 69. What are the prime factors of y?
29
Let c(d) = -13*d - 25. List the prime factors of c(-29).
2, 11
Let l = 471 - 170. List the prime factors of l.
7, 43
Let h(x) be the third derivative of x**5/30 - x**4/12 + 79*x**3/6 + x**2. Let k be h(0). Let w = k - 43. What are the prime factors of w?
2, 3
Let k(v) = -2*v**2 - 2*v**2 - 10 + 4 + 3*v**2. Let m be k(0). Let o = m - -16. What are the prime factors of o?
2, 5
Suppose -c = -0*c + 2*v + 5, 0 = -2*c + 4*v - 2. Let l = c - -3. Suppose t - 26 + 6 = l. List the prime factors of t.
2, 5
Let o be (-3 + 39/9)*(-3)/(-2). Suppose 5*d - 3*v = 1211, o*d + 2*v - 492 = 7*v. List the prime factors of d.
241
Let x(z) = 2*z - 37. Let i be x(-11). What are the prime factors of 0 - (10/15 + i/3)?
19
List the prime factors of 50217/17 - 73/(-1241).
2, 7, 211
Suppose 5*c + 23*c - 20664 = 0. List the prime factors of c.
2, 3, 41
What are the prime factors of 1/(9/(8199/1))?
911
Let w(t) = t**3 + 9*t**2 - 2*t + 1. Let k(r) = r**3 + 8*r**2 - r. Let y(b) = 4*k(b) - 3*w(b). Let d = 64 + -68. List the prime factors of y(d).
5
Suppose 3*t - 9 = -0*t. Suppose -21 = -t*f - 3*o - 0*o, -3*f = -4*o. Suppose 3*x + 1 - f = 0, 10 = g - 3*x. What are the prime factors of g?
13
Let l(d) = 21*d**3 + 5*d**2 + 9*d - 37. List the prime factors of l(3).
2, 7, 43
What are the prime factors of 137672/42 + -3 - 56/(-588)?
5, 131
Suppose 0 = -5*o - 7 + 27. Suppose 10*g + o*g = 392. What are the prime factors of g?
2, 7
Let b = 131 + 2349. List the prime factors of b.
2, 5, 31
Let k = -59 + 97. Suppose 5*r - 15 - 5 = 0. Suppose -70 = -5*q - 5*i, -2*q + k = r*i - 0. What are the prime factors of q?
3
List the prime factors of 7515/(-501)*(1552/(-10) + 1).
3, 257
Let j be (3 + -2)/((-5)/(-485)). Let s = 169 - j. What are the prime factors of s?
2, 3
Let t(h) = 2*h**2 + 9*h + 8. Let s be t(-6). Suppose 3*a - 4*a + s = 0. What are the prime factors of a?
2, 13
Let o(m) = m**2 + m - 2. Let g be o(-4). Let q be ((-5)/g)/(1/(-112)). Suppose q = r + 3*r. What are the prime factors of r?
2, 7
What are the prime factors of 20*((-724)/(-24) + 10/(-15))?
2, 5, 59
Suppose 123*s - 1020 = 117*s. List the prime factors of s.
2, 5, 17
Let g = -113 + -85. Let f = -135 - g. What are the prime factors of f?
3, 7
Let c = 32 + -30. Let v be (252/(-105))/(c/(-50)). Suppose 5*d - 144 = 2*j, 0*d + 2*j + v = 2*d. List the prime factors of d.
2, 7
Let i(h) = -531*h**3 - 2*h**2 + 2*h + 2. What are the prime factors of i(-2)?
2, 13, 163
Let g = 11 - 8. Suppose 75 = 3*v + 2*v + 4*w, -v = -g*w - 34. Suppose j = v + 33. List the prime factors of j.
2, 13
Let n be 4/10 - (-10)/25*99. Suppose -12*k = -14*k + n. List the prime factors of k.
2, 5
Suppose 4*m = 214 + 1054. Suppose 18 - 418 = -5*r - 2*g, -4*r - g = -m. What are the prime factors of (-8)/3*r/(-8)?
2, 13
Suppose 3*d = -5 + 8. What are the prime factors of -15*(d + 108/(-20))?
2, 3, 11
Suppose 3*v - 3 = u, -u - 2*v + 13 = 3*v. What are the prime factors of u/(6/226) - 0?
113
Let o be (-12)/(-6 + 3) + 261. Suppose 4*h = w - 2*w + 53, 4*h = 5*w - o. List the prime factors of w.
53
Let q be 6/(-9) - 8005/(-15). Suppose -97 - q = -9*i. List the prime factors of i.
2, 5, 7
Let r be (-65)/26*6/(-5). Suppose -r*k = k - 280. What are the prime factors of k?
2, 5, 7
Let o(m) = -m**3 - 6*m + 5. Let d be o(2). Let v = 87 + d. List the prime factors of v.
2, 3
Suppose 2*s - 40 = -2*g, -4*g - 4*s = -3*g - 11. Let q = 0 + g. List the prime factors of q.
23
Suppose 16*v + 20*v - 63468 = 0. What are the prime factors of v?
41, 43
Let x = 46 - 21. List the prime factors of (5 + (-20)/5)*x.
5
Let x = -3362 + 8445. Suppose 0 = 9*l + 8*l - x. What are the prime factors of l?
13, 23
Let n(f) = -2*f**3 + f**2 + f + 1. Let l be n(2). Let y(v) be the third derivative of -v**4/12 + 11*v**3/6 + 20*v**2. What are the prime factors of y(l)?
29
Suppose 428 = 4*s - 12*d + 16*d, 2*s - 4*d = 232. What are the prime factors of s?
2, 5, 11
Let v be 1*(92/8 - 4)*8. Let k = -50 + v. List the prime factors of k.
2, 5
Let l = 400 - -24. What are the prime factors of l?
2, 53
Let x be 5/1*102/(-85). Let i(y) = 7*y**2 + 8*y + 4. Let q be i(x). Suppose v = -s - v + 36, -5*s = 3*v - q. What are the prime factors of s?
2, 11
Let w(r) be the third derivative of -r**4/24 - r**3/6 + 5*r**2. Let t be w(-6). Suppose t*c - 26 = -3*j, -2*j - 14 = -5*c + 2. List the prime factors of j.
2
Suppose -x = -3*x. Suppose 3*i - 3 = -x. What are the prime factors of (12/20)/(i/5)?
3
What are the prime factors of 62326/26 + 22/(-143)?
3, 17, 47
Let c = 99 - -516. What are the prime factors of c?
3, 5, 41
Suppose -11*i - 3872 = -19*i. What are the prime factors of i?
2, 11
What are the prime factors of ((-3)/6)/((-11)/4708)?
2, 107
Let c(s) = s**3 + 10*s**2 + 12*s + 8. Let u be c(-9). Let b = u + 20. Suppose r - b = 11. List the prime factors of r.
2, 3
Suppose w + 6247 = 3*f, -w = f - 425 - 1664. List the prime factors of f.
2, 521
Let y(d) = 4*d**2 + d**2 + 2 - 4*d**2 - d. Let s be y(0). Suppose 4*q - 10 = s*q. List the prime factors of q.
5
Let d(i) = -131*i - 4. Let h be d(-2). Suppose 142 + 258 = 5*g + 5*m, -h = -3*g + 3*m. What are the prime factors of g?
83
Let l = -263 - -151. Let t = l - -152. What are the prime factors of t?
2, 5
Suppose 5*o - 26195 = 3*c, 5*o + 63*c - 68*c = 26195. List the prime factors of o.
13, 31
Suppose -82 = -2*p + 166. Suppose p = 2*q - 2*j, -q - 62 = -2*q - 5*j. What are t